e -89*h + 943285 = -728614 + 213100. List the prime factors of h.
37, 443
Let s(o) be the second derivative of -50*o**3/3 + 16*o**2 + 6*o + 13. What are the prime factors of s(-3)?
2, 83
Suppose 5*k - 41 + 31 = 0. Suppose -4*s - 5 = -x, 3*s + 1 = -4*x + k. Suppose r = x + 87. What are the prime factors of r?
2, 11
Let y = -232 + 284. Suppose y = 5*u + 3*d, 0 = 2*d - 4*d - 2. List the prime factors of u.
11
Suppose 10*z - 13*z - 4*u = -74484, 4*z - 99304 = -4*u. List the prime factors of z.
2, 5, 17, 73
Let c be (-1)/3 + 40/(-15). What are the prime factors of (c - (-30)/9) + 2470/6?
2, 103
Suppose -23*n + 15*n + 16 = 0. Suppose r = 2*f + 5, n*f + 2*f = 5*r - 19. Suppose 376 = r*x - 29. What are the prime factors of x?
3, 5
Let h(v) = v**2 + 22*v - 69. Let q be h(3). Suppose -3*g + 1059 = 3*m, 3*g - 9*m = -q*m + 1065. List the prime factors of g.
2, 3, 59
Let d(k) = -70*k + 112. Let j be d(-15). Suppose 306 + j = 5*f + y, 2*y + 873 = 3*f. List the prime factors of f.
293
Let n(k) = 6*k**3 - 8*k**2 + 15*k + 3. Let q be n(4). Let a = 296 + q. List the prime factors of a.
3, 5, 41
Let f = -315 + 485. Suppose -f*k + 486 = -168*k. What are the prime factors of k?
3
Let b(y) = -689*y**2 - 12*y + 1. Let p(i) = i - 1. Let c(o) = -b(o) - 3*p(o). What are the prime factors of c(-1)?
2, 11, 31
Let r = -693 - -693. List the prime factors of (-2)/(-1) - (r - 16).
2, 3
Let i(u) = 23*u**3 + 4*u**2 - 2*u. Let p be i(3). Suppose 2*v = -4*g + 32, -7*v + g = -2*v - 36. Suppose v*f - 11*f + p = 0. List the prime factors of f.
7, 31
Let w(f) = f**2 + 5*f + 12. Suppose -3*c = 2*o + 16 + 6, 0 = 5*c - 5*o - 5. Let j be w(c). Suppose 7*s + 60 = j*s. List the prime factors of s.
2, 3, 5
Suppose 0 = -3*h + 3*t, 3*t = 3*h - 2*t + 6. Suppose -b - 4*j + 320 = 25, h*j = -b + 298. What are the prime factors of b?
307
Let c = -7 - -10. Suppose -c*z = -8*z + 10. Suppose 0 = -0*j + z*j + 8, 5*p + 2*j - 122 = 0. What are the prime factors of p?
2, 13
Suppose -5*x - p + 83 = -5*p, 2*p = 5*x - 89. Suppose 0 = n - z + 1, 2*n - x = 2*z - 7*z. What are the prime factors of 1720/15 + n/(-3)?
2, 3, 19
Let p(m) = -m**3 - 6*m**2 - 16*m - 16. Let f be p(-4). List the prime factors of (f/(-24))/(2/(-867)).
17
Let y(i) = -79*i + 259. Suppose -12 = 2*f + 2*n + 22, 2*f - 4*n + 4 = 0. List the prime factors of y(f).
17, 71
Let t(n) = 107*n + 541. Let l be t(-5). Let y(j) = j**2 + 6*j + 6. Let o be y(-4). List the prime factors of -1*(-146 + o - (-9 + l)).
5, 29
Suppose -5*v + v + 20 = 0. List the prime factors of (19 - -1)/v + 49.
53
What are the prime factors of (1226/13)/(477/68211)?
2, 11, 613
Let v be -1 - (-327 - (-2 - 4)). Suppose f - a + 2*a = v, -3*f + 2*a + 935 = 0. List the prime factors of f.
3, 5, 7
Let z be ((-60)/70)/((-3)/14). What are the prime factors of 133/(-35) + z + (-48)/(-10)?
5
Let v = -50598 - -73626. What are the prime factors of v?
2, 3, 19, 101
Let q(k) = -k**3 + k**2. Let v(c) = 20*c**3 - 3*c**2 + c. Let i = 33 - 38. Let j(m) = i*q(m) - v(m). What are the prime factors of j(-2)?
2, 3, 19
Suppose -37*q + 91*q - 427464 = 0. List the prime factors of q.
2, 1979
Suppose 42*w - 43*w + 6 = -2*y, 5*w + 2*y - 18 = 0. Suppose -6 = 2*t - w, 2*d = t + 1973. List the prime factors of d.
2, 17, 29
Let j be (-2)/(-4 - 440/(-108)). Let p = j + 27. Suppose p = 3*c + 5*q - 155, q + 3 = 1. List the prime factors of c.
5, 11
Suppose -5 - 25 = -5*h. Let o(b) = 7*b**3 - 4*b**2 - 9. Let v be o(h). Suppose 15*q - v = 6*q. List the prime factors of q.
151
Suppose -7*o - 5*o = -48. Suppose 2*l = 2*s + 1788, 0 = -l + 4*l + o*s - 2689. List the prime factors of l.
5, 179
Let x(f) be the first derivative of 63*f**3 - 11*f**2/2 - 13*f + 91. What are the prime factors of x(-1)?
11, 17
Let f be 0 - 48/36*3/(-2). Suppose -b + 3*t + 687 = f*b, -2*b = t - 467. List the prime factors of b.
2, 29
Suppose -5*v + h + 14 = 0, -4*v - h - 1 = -14. Let p be (-1 + 11/v)/(15/45). Let z(x) = 3*x**2 + 8*x - 17. List the prime factors of z(p).
239
Suppose -4*p + 4 = 0, -64 + 59 = -5*b + 5*p. Suppose -4*c - b*j + 3770 = 0, -50*j = -49*j + 5. What are the prime factors of c?
3, 5, 7
Let f(h) = -h**2 - 24*h - 35. Let u be f(-22). Let x = -158 - -278. Let o = x + u. What are the prime factors of o?
3, 43
Suppose 1322 = 2*m - 3*q, 3*m + 3*q - 867 = 1071. What are the prime factors of m?
2, 163
Let s = -77 - -94. Let u(m) = -m + 203. List the prime factors of u(s).
2, 3, 31
Let s be (-2)/7 + (-3776)/14. List the prime factors of (-12)/s*-5 - 5132/(-9).
2, 3, 5, 19
Suppose -682*w + 641*w + 50517 = -257598. What are the prime factors of w?
3, 5, 167
Suppose -4172011 + 350505 = -364*z + 707018. What are the prime factors of z?
3, 11, 13, 29
What are the prime factors of -4*(-6078)/24*3?
3, 1013
Suppose 24*h = 21*h - 48. Let m(i) = 3*i**2 - 26*i + 49. List the prime factors of m(h).
3, 137
Let j(d) = -3*d - 5. Let v be j(-3). Let y be (0 - v*6)*-4. Suppose 4*u - 176 - y = 0. What are the prime factors of u?
2, 17
Suppose -8940 - 3065 = -u. List the prime factors of u.
5, 7
Let t be (-4)/(48/6758) + 9/54. Let w = -392 - t. List the prime factors of w.
3, 19
Suppose -2*o = -u + 47498, -8*u + 3*o = -10*u + 95010. List the prime factors of u.
2, 3, 7, 13, 29
List the prime factors of -10 - 95064/(132/(-11)).
2, 23, 43
Let k be (8/10)/((-7)/(-35)). Suppose -2 = -2*f, 2*q - k = -0*f + 2*f. Suppose 0 = 3*j + q*j - 42. What are the prime factors of j?
7
Suppose 2*z = -4*h + 6, h + 6 = -4*z + 18. Suppose 3*c - 1463 = -5*p, 1946 = -h*c + 4*c + 2*p. What are the prime factors of c?
2, 3
Let y(l) = 4*l**2 - 9*l - 6. Let b be y(-6). Suppose -5*p + 22 - b = 0. Let v = -20 - p. What are the prime factors of v?
2, 7
Let d(s) = 2298*s - 7046. List the prime factors of d(14).
2, 17, 739
Let m = 399 - 394. Suppose -m*f + 288 = -4752. List the prime factors of f.
2, 3, 7
Let n(o) = o**3 - 12*o**2 - 11*o - 7. Let k be 3 + 1/(2*(-1)/(-20)). Let c be n(k). What are the prime factors of (8/(-5))/(c/(-95))?
2
Let k = -220 - -222. Suppose -153 - 707 = -k*z. What are the prime factors of z?
2, 5, 43
Suppose 3*l - 9 = 0, -5*n + 27 = -2*n + 4*l. Let i(d) = 2*d**2 - 5*d - 3. Let f be i(3). Suppose n*h + f*h = 440. What are the prime factors of h?
2, 11
Let n = 1337 + 17. Let v = -844 + n. What are the prime factors of v?
2, 3, 5, 17
List the prime factors of -1*(-70204)/(20/20).
2, 17551
Suppose -3*d = 0, -5*f + f = -0*f - d - 40932. What are the prime factors of f?
3, 379
Suppose 5*m - 12*y = -16*y - 334, -50 = m + 5*y. Let p = m + 80. What are the prime factors of p?
2, 5
Let g = 312 + -309. Suppose -2*y + 2*u + 1615 = -g*u, 3*u + 806 = y. List the prime factors of y.
5, 163
Suppose -n + z + 13 = 2, -3*z + 75 = 6*n. List the prime factors of n.
2, 3
Suppose 5*t = 2*k + 755, -3*t - 4*k + 453 = -k. Suppose -47*v + 0*v = -141. List the prime factors of 3*(-1)/v + t.
2, 3, 5
Let u = -5237 - -8918. List the prime factors of u.
3, 409
Let c(x) = -129*x**3 - x**2 + 2*x - 5. Let l(n) = 65*n**3 - n + 2. Let m(h) = -2*c(h) - 5*l(h). Let b be 3*(2 - 98/42). List the prime factors of m(b).
2, 17
Let l be (2 + -16 + 8)/((-2)/10). Suppose -27*x - l = -37*x. Suppose 2*k - 93 = -5*p, 54 = 4*k - x*k - 5*p. What are the prime factors of k?
7
Suppose 10*v - 30 = 20. Suppose 0 = 3*n - v*m - 873, -2*n + 3*m + 251 = -332. What are the prime factors of n?
2, 37
Let r be (17/(-2) - -6)*-2. Suppose 5*k + 5*q - 66 = 4*k, r*k + 2*q = 422. List the prime factors of k.
2, 43
Suppose 216488 = -147*r + 1354709. List the prime factors of r.
3, 29, 89
Let n be 25/(-5) - (-10 - -1). Suppose -12 - 12 = n*p. Let h(z) = 5*z**2 - 3*z - 11. What are the prime factors of h(p)?
11, 17
Suppose 891*d - 49610 = 887*d + 3*x, -2*d - 4*x = -24794. What are the prime factors of d?
12401
Let b(w) = 2*w**2 + 37*w + 10. Let d = 128 - 151. List the prime factors of b(d).
7, 31
Let v = 59 + -52. Suppose 5*k - 3*d + v*d = -528, -5*k = 5*d + 530. Let l = 18 - k. List the prime factors of l.
2, 61
Let q be (-4 - -2)*328/16*-11. Suppose -4*j = -2*l - q - 1667, 2*j - 1065 = -l. List the prime factors of j.
3, 59
Let u(k) = 70 - k + 25 + k - 8*k. What are the prime factors of u(8)?
31
Suppose s - 26256 = 5*t + 7005, 0 = s + 2*t - 33219. List the prime factors of s.
3, 11, 19, 53
Let c(g) = -4*g**3 + 8*